{"id":538,"date":"2017-05-08T22:23:16","date_gmt":"2017-05-08T21:23:16","guid":{"rendered":"http:\/\/www.lesjardinsdelamedina.com\/spa\/?post_type=product&#038;p=538"},"modified":"2024-01-26T02:06:39","modified_gmt":"2024-01-26T01:06:39","slug":"sophrologie","status":"publish","type":"product","link":"https:\/\/www.lesjardinsdelamedina.com\/spa\/produit\/sophrologie\/","title":{"rendered":"Sophrologie (60 minutes)"},"content":{"rendered":"<p>Les clients sont habill\u00e9s de fa\u00e7on normale. Lors de cette s\u00e9ance notre sophrologue fait une d\u00e9tente musculaire gr\u00e2ce \u00e0 sa voix et au fond musical. Le client proc\u00e9dera \u00e0 des visualisations positives ce qui provoquera une d\u00e9tente profonde. \u00c0 la suite de cette pratique elle finit par un dialogue pour accueillir la parole du client sur ses ressentis.<\/p>\n","protected":false},"excerpt":{"rendered":"<p>Les clients sont habill\u00e9s de fa\u00e7on normale. Lors de cette s\u00e9ance notre sophrologue fait une d\u00e9tente musculaire gr\u00e2ce \u00e0 sa voix et au fond musical. Le client proc\u00e9dera \u00e0 des visualisations positives ce qui provoquera une d\u00e9tente profonde. \u00c0 la suite de cette pratique elle finit par un dialogue pour accueillir la parole du client [&hellip;]<\/p>\n","protected":false},"featured_media":0,"template":"","meta":[],"_links":{"self":[{"href":"https:\/\/www.lesjardinsdelamedina.com\/spa\/wp-json\/wp\/v2\/product\/538"}],"collection":[{"href":"https:\/\/www.lesjardinsdelamedina.com\/spa\/wp-json\/wp\/v2\/product"}],"about":[{"href":"https:\/\/www.lesjardinsdelamedina.com\/spa\/wp-json\/wp\/v2\/types\/product"}],"wp:attachment":[{"href":"https:\/\/www.lesjardinsdelamedina.com\/spa\/wp-json\/wp\/v2\/media?parent=538"}],"curies":[{"name":"wp","href":"https:\/\/api.w.org\/{rel}","templated":true}]}}